r when 11817/(-7)*-1 + -13 + 1260/98 is divided by 9.
5
Let n(y) = y**3 - 8*y**2 + 34*y - 127. What is the remainder when 1043 is divided by n(6)?
3
Let y be (-303)/(-4) + -6 + 300/48. Let l = -102 + 44. Let f = y + l. Calculate the remainder when 32 is divided by f.
14
Suppose 4*n - 9*n = -z - 620, 4*n - 2*z - 496 = 0. Let x = 34 + n. What is the remainder when x is divided by 44?
26
Suppose 4*q - 3*a = 66, 48*a = 43*a + 30. Calculate the remainder when 364 is divided by q.
7
Suppose -4*r + b = -223, 3*b = -2*r + 2*b + 119. Let u(a) = 23*a - 6*a - 21*a - a. What is the remainder when r is divided by u(-4)?
17
Let v(t) = 374*t**2 + 7*t + 7. Let y be v(-1). What is the remainder when y + (-2)/(-1) + (13 - 10) is divided by 97?
88
Suppose -2*v - 5*l - 161 = 0, 2*v + 3*l = 7*v + 449. Let h = 102 + v. Let r = -5 + 8. Calculate the remainder when h is divided by r.
2
Suppose 5*c + 276 = 12*b - 11*b, 2*b - 8*c - 548 = 0. Calculate the remainder when b is divided by 15.
11
Suppose -13*c + h + 12 = -12*c, -5*h = -5. Calculate the remainder when 1455 is divided by c.
12
Suppose -4*n + 76 = 5*r, 105*n + 57 = 108*n + 5*r. Suppose -225 - 50 = -5*t. What is the remainder when t is divided by n?
17
Let d(f) = 6*f**2 + 10*f - 9. Calculate the remainder when 175 is divided by d(-6).
28
Suppose -15*q = -12*q + 2898. Calculate the remainder when (469/(-91) - -5) + q/(-26) is divided by 14.
9
Let b = -4595 - -4746. Calculate the remainder when 1201 is divided by b.
144
Let t = 174 + -93. Calculate the remainder when t is divided by (103/(-412))/((-5)/(-174)*9/(-30)).
23
Suppose 3*d = 5*x - 64397, -23*x + 4*d = -25*x + 25738. What is the remainder when x is divided by 94?
93
Let t = 102 + -75. Suppose 24*f = t*f - 4494. What is the remainder when 95 is divided by f/63 - (-6)/27?
23
Let a = 94 + -65. Let h = a + -22. Let j = 9 - -1. Calculate the remainder when j is divided by h.
3
Let l(i) = 33*i. Let d(w) = -11*w**3 + 78*w**2 + 86*w + 10. What is the remainder when l(1) is divided by d(-1)?
7
Let h(u) be the second derivative of u**4/12 + u**3/6 + 6*u**2 + 2*u. Let i(n) = -n**3 + 8*n**2 + n - 19. Calculate the remainder when i(6) is divided by h(0).
11
Calculate the remainder when 129 is divided by (12/(-6) - 11) + 46.
30
Suppose 2*q + 61 = 5*v, 2*q = 6*v - 9*v + 27. Suppose 4*t - v*t + 476 = 0. Calculate the remainder when t is divided by 24.
20
Calculate the remainder when 198 is divided by ((-15)/12)/((49/28)/(-7)) - -117.
76
Calculate the remainder when 52 is divided by -172*((-82)/8 + 10).
9
Suppose -47*g + 6070 + 11132 = 0. Calculate the remainder when g is divided by 95.
81
Let i(z) = -7 + 20*z + 8*z - 23*z**2 - 2*z**3 - 42*z. Let h = -45 - -34. Calculate the remainder when 43 is divided by i(h).
17
Let j = -2540 + 3552. Calculate the remainder when j is divided by 250.
12
Let g(y) = 23*y - 158. Let i be g(9). Suppose i + 64 = r + x, -4 = -x. What is the remainder when r is divided by 37?
35
Let j(x) = 4*x. Let f be j(-2). Let p = -8729 - -8769. Calculate the remainder when p is divided by f/(-12) - 19/(-3).
5
What is the remainder when (7 - 515/(-10)) + (-5)/(-10) is divided by ((-45)/(-3))/(6/4)?
9
Let d(f) be the first derivative of f**2 - 7*f - 17. Let o(w) = 4*w - 14. Let r(s) = -10*d(s) + 6*o(s). What is the remainder when 23 is divided by r(7)?
9
Let x(f) = 2*f**2 + 36*f - 19. Let d be x(-19). Let w = d - 9. What is the remainder when 21 is divided by (w/15)/(1/18)?
9
Suppose -r = -3*r - 3*o - 25, 3 = -o. Let f = r - -11. Calculate the remainder when 47 is divided by 1/f - 426/(-18).
23
Let b(r) = 7*r - 6. Suppose -8*v + 6825 = -1791. Calculate the remainder when 4/(36/v) - (-4)/(-6) is divided by b(3).
14
Suppose -2*f - 129 = -5*f. Let h be -4 + 65/(-39)*1*-27. Suppose 51*j - h = -5*v + 48*j, -4*v - 3*j + 31 = 0. Calculate the remainder when f is divided by v.
3
Let v(y) = 145*y - 1205. Calculate the remainder when 479 is divided by v(10).
234
Let k(t) = t**3 + 14*t**2 + 10*t + 7. Let w be k(-13). Suppose w*j = 45*j + 13. What is the remainder when 44 is divided by j?
5
Suppose 457*v - 4*h = 460*v - 3706, 3736 = 3*v - 2*h. What is the remainder when v is divided by 43?
38
Suppose -16*j = -q - 20*j - 14, 5*q - 4*j - 50 = 0. Calculate the remainder when 1260 is divided by q.
0
Suppose 295*y - 36003 - 7002 - 9800 = 0. Calculate the remainder when y is divided by 19.
8
Let d(s) = -12*s**3 + 3*s**2 + 39*s + 77. What is the remainder when 946 is divided by d(-3)?
13
Suppose 0 = -4*a + 12, -2*n + 33 = n - 5*a. Calculate the remainder when (-6 - -162)/((-1)/(-1)) is divided by n.
12
Suppose 4*n + 14 - 47 = -b, -n + 33 = b. What is the remainder when 167 is divided by b?
2
Let k = 13 - -63. What is the remainder when -10 - (-22)/(-33)*-468 is divided by k?
74
Let g = 3182 + -3170. Calculate the remainder when 77 is divided by g.
5
Suppose w + 5*w = -3*o + 135, 4*o - 125 = 3*w. Calculate the remainder when 8291 is divided by o.
31
Let i be 134/6 - (-2 + 21/9). Let v be 0 + -4 + i - -1. Suppose 0 = 5*y - 4*y - 5*r - 15, 3*y - 2*r = v. What is the remainder when 12 is divided by y?
2
Let l(b) = -480*b. Let y = -66317 - -66330. What is the remainder when l(-1) is divided by y?
12
Suppose 180 - 62 = 2*s + 4*p, -5*s - 2*p + 263 = 0. Calculate the remainder when s is divided by ((-3)/(-2))/((42/70)/(312/20)).
12
Suppose -2*v - 1158 = 3*i, -331 + 911 = -v - i. Let g = 597 + v. What is the remainder when 2/3 - (-164)/6 is divided by g?
13
Let m(p) = p**2 - 19*p - 136. Let w be m(33). Suppose -15*t + 1961 = w. Calculate the remainder when t is divided by 34.
7
What is the remainder when 1889 is divided by (-27)/4*-2*250/75?
44
Let g(x) = -2*x**2 - 72*x + 1. Calculate the remainder when g(-13) is divided by 197.
8
Suppose 1337 = 14*h - 789 + 726. Calculate the remainder when 3099 is divided by h.
99
Let u(j) = -6*j - 8. Let m(x) be the second derivative of -4*x**3/3 + 18*x**2 - 21*x. Let f be m(5). What is the remainder when 27 is divided by u(f)?
11
Let x(m) = -301*m**3 - m**2 - 18*m - 15. Calculate the remainder when x(-1) is divided by 70.
23
Let g = 11432 + -11188. Let i = 64 + -15. Calculate the remainder when g is divided by i.
48
Let r(h) = h**3 - 5*h**2 - 4*h - 4. Let a be (-40)/(-10) - (-1 + 2). Suppose -a*p = -60 - 27. Calculate the remainder when p is divided by r(6).
5
Suppose -521 = -9*y - 26. Let r be 9/6*(-8)/(-3). Suppose 0 = 4*n - 2*b - 38, r*b - 4 = -5*n + 11. Calculate the remainder when y is divided by n.
6
Let q be -4 - -5*(52/20 - 1). Let k be ((-11)/(-4))/((-1)/q). Calculate the remainder when (-684)/k - (-26)/(-143) is divided by 11.
7
Let w be (1 - (-42)/(-54)) + 1608/54. Calculate the remainder when 28 is divided by ((-14)/(-10))/((-297)/w + 10).
0
Let r be 10 + -1 + (-6)/2. Let i be (-3*(-16)/6)/((-3)/r). What is the remainder when ((-77)/(-14))/((-2)/i) is divided by 16?
12
Let v(o) = -2*o**2 - 88*o - 503. Calculate the remainder when 211 is divided by v(-7).
1
Suppose 32*m + 16 - 368 = 0. Suppose -3*t - 6*f + m*f = -97, 2*f = -2*t + 38. What is the remainder when 69 is divided by t?
21
Let o = 68 - 64. Suppose -o*h + 12*h = 360. Suppose -19*j + 387 = h. What is the remainder when j is divided by 7?
4
Suppose -1604*w + 1603*w = -19. What is the remainder when 222 is divided by w?
13
Let x = 49651 - 35025. What is the remainder when x is divided by 266?
262
Let g be 12/(-40)*-4*-5. Calculate the remainder when 56 is divided by (-9)/g - 342/(-12).
26
Let w(u) = -u**3 + 4*u**2 + 5*u - 14. Let g be w(6). Let k = -31 + 50. What is the remainder when (0/2 - 2)*g is divided by k?
17
Let k = 8166 - 7793. Calculate the remainder when k is divided by 85.
33
Let w(t) = 33*t**2 - 16*t + 45. What is the remainder when w(3) is divided by 112?
70
Suppose 0 = -3*y + 4*d + 9, 3*y = 16*d - 17*d + 9. Calculate the remainder when 109 is divided by 3 + -5 + y + 21.
21
Let a(d) = -6*d**2 - 115*d - 364. Calculate the remainder when 291 is divided by a(-15).
5
Let f(b) = -148*b - 935. Calculate the remainder when 444 is divided by f(-7).
40
Let v = 16077 - 15184. What is the remainder when v is divided by 18?
11
Suppose 569 - 2416 = -4*n + p, 7*n - 4*p - 3239 = 0. What is the remainder when n is divided by 93?
89
Let g(o) = -32*o - 30*o - 30*o + 79*o - 140. 